3451.
16
What is the remainder when 8316 is divided by 855?
621
What is the remainder when 251648 is divided by 57?
50
What is the remainder when 48133 is divided by 127?
0
Calculate the remainder when 50033 is divided by 34.
19
What is the remainder when 883249 is divided by 137?
10
What is the remainder when 55522 is divided by 223?
218
Calculate the remainder when 39972 is divided by 22.
20
What is the remainder when 3252 is divided by 141?
9
What is the remainder when 15646 is divided by 86?
80
What is the remainder when 41759 is divided by 2980?
39
Calculate the remainder when 1521 is divided by 150.
21
What is the remainder when 338624 is divided by 45?
44
Calculate the remainder when 268808 is divided by 26.
20
Calculate the remainder when 86828 is divided by 16.
12
Calculate the remainder when 2235466 is divided by 13.
12
What is the remainder when 80843 is divided by 45?
23
What is the remainder when 6363 is divided by 2121?
0
Calculate the remainder when 260 is divided by 126.
8
Calculate the remainder when 15866 is divided by 25.
16
Calculate the remainder when 749786 is divided by 374893.
0
Calculate the remainder when 12661 is divided by 12557.
104
Calculate the remainder when 202582 is divided by 24.
22
What is the remainder when 8704 is divided by 363?
355
What is the remainder when 6119 is divided by 175?
169
Calculate the remainder when 101680 is divided by 281.
239
Calculate the remainder when 2427760 is divided by 85.
75
What is the remainder when 10054 is divided by 3225?
379
Calculate the remainder when 1505 is divided by 226.
149
What is the remainder when 133482 is divided by 442?
440
What is the remainder when 21764 is divided by 470?
144
Calculate the remainder when 659 is divided by 30.
29
What is the remainder when 1857 is divided by 610?
27
Calculate the remainder when 14182 is divided by 82.
78
Calculate the remainder when 13125 is divided by 13084.
41
Calculate the remainder when 1328 is divided by 60.
8
What is the remainder when 789252 is divided by 26?
22
Calculate the remainder when 124625 is divided by 62308.
9
What is the remainder when 8321 is divided by 9?
5
Calculate the remainder when 412 is divided by 371.
41
What is the remainder when 33156 is divided by 490?
326
Calculate the remainder when 4917 is divided by 1213.
65
Calculate the remainder when 33915 is divided by 216.
3
What is the remainder when 810 is divided by 433?
377
Calculate the remainder when 8542 is divided by 2120.
62
What is the remainder when 49225 is divided by 302?
301
What is the remainder when 964 is divided by 267?
163
What is the remainder when 765 is divided by 375?
15
Calculate the remainder when 16455 is divided by 34.
33
Calculate the remainder when 8323 is divided by 438.
1
What is the remainder when 470520 is divided by 86?
14
Calculate the remainder when 23865 is divided by 104.
49
What is the remainder when 4383 is divided by 206?
57
Calculate the remainder when 3890 is divided by 969.
14
Calculate the remainder when 7122 is divided by 885.
42
Calculate the remainder when 1041081 is divided by 121.
118
What is the remainder when 171111 is divided by 292?
291
Calculate the remainder when 134256 is divided by 20.
16
What is the remainder when 32561 is divided by 3616?
17
What is the remainder when 42616 is divided by 120?
16
What is the remainder when 2295 is divided by 683?
246
Calculate the remainder when 10055 is divided by 165.
155
Calculate the remainder when 565352 is divided by 35.
32
Calculate the remainder when 10270 is divided by 107.
105
Calculate the remainder when 27970 is divided by 269.
263
What is the remainder when 46031 is divided by 1586?
37
Calculate the remainder when 60749 is divided by 10.
9
What is the remainder when 95260 is divided by 31744?
28
Calculate the remainder when 6652 is divided by 828.
28
Calculate the remainder when 8131 is divided by 2678.
97
What is the remainder when 2582 is divided by 432?
422
What is the remainder when 1221484 is divided by 42?
40
What is the remainder when 19578 is divided by 445?
443
Calculate the remainder when 30986 is divided by 233.
230
What is the remainder when 17476 is divided by 23?
19
Calculate the remainder when 1402467 is divided by 381.
6
What is the remainder when 2679 is divided by 27?
6
What is the remainder when 997 is divided by 13?
9
What is the remainder when 79568 is divided by 25?
18
What is the remainder when 26091 is divided by 116?
107
Calculate the remainder when 7032 is divided by 124.
88
What is the remainder when 311355 is divided by 64?
59
What is the remainder when 6452 is divided by 1?
0
Calculate the remainder when 1007482 is divided by 708.
706
Calculate the remainder when 6429 is divided by 2001.
426
Calculate the remainder when 299079 is divided by 14.
11
Calculate the remainder when 78749 is divided by 15.
14
Calculate the remainder when 44585 is divided by 328.
305
What is the remainder when 3693 is divided by 175?
18
Calculate the remainder when 78682 is divided by 332.
330
Calculate the remainder when 111010 is divided by 37001.
7
What is the remainder when 1415 is divided by 12?
11
Calculate the remainder when 63780 is divided by 580.
560
Calculate the remainder when 177384 is divided by 44342.
16
Calculate the remainder when 2315 is divided by 1153.
9
What is the remainder when 114703 is divided by 28675?
3
Calculate the remainder when 125765 is divided by 274.
273
What is the remainder when 22975 is divided by 4?
3
Calculate the remainder when 552394 is divided by 78913.
3
Calculate the remainder when 347191 is divided by 44.
31
What is the remainder when 4307 is divided by 352?
83
What is the remainder when 4087 is divided by 23?
16
What is the remainder when 3413 is divided by 701?
609
Calculate the remainder when 12477 is divided by 20.
17
What is the remainder when 354452 is divided by 185?
177
Calculate the remainder when 3215 is divided by 118.
29
Calculate the remainder when 1752291 is divided by 220.
211
Calculate the remainder when 54 is divided by 21.
12
Calculate the remainder when 25608 is divided by 5120.
8
What is the remainder when 21901 is divided by 21895?
6
Calculate the remainder when 9272 is divided by 722.
608
Calculate the remainder when 10874 is divided by 320.
314
Calculate the remainder when 21319 is divided by 144.
7
Calculate the remainder when 77268 is divided by 43.
40
What is the remainder when 1293088 is divided by 75?
13
What is the remainder when 20949 is divided by 511?
509
What is the remainder when 50852 is divided by 187?
175
Calculate the remainder when 8617 is divided by 205.
7
What is the remainder when 806 is divided by 116?
110
Calculate the remainder when 2243 is divided by 7.
3
What is the remainder when 1462 is divided by 724?
14
What is the remainder when 2312 is divided by 100?
12
What is the remainder when 4563 is divided by 11?
9
What is the remainder when 151548 is divided by 37884?
12
What is the remainder when 160061 is divided by 234?
5
Calculate the remainder when 84574 is divided by 360.
334
Calculate the remainder when 21438 is divided by 26.
14
What is the remainder when 32277 is divided by 10757?
6
Calculate the remainder when 86166 is divided by 277.
19
Calculate the remainder when 90220 is divided by 23.
14
Calculate the remainder when 8846 is divided by 315.
26
Calculate the remainder when 1038257 is divided by 754.
753
What is the remainder when 6417 is divided by 246?
21
Calculate the remainder when 4024 is divided by 89.
19
Calculate the remainder when 14653 is divided by 318.
25
What is the remainder when 9837 is divided by 1264?
989
Calculate the remainder when 15374 is divided by 66.
62
Calculate the remainder when 34229 is divided by 5.
4
What is the remainder when 1872 is divided by 1303?
569
What is the remainder when 39036 is divided by 438?
54
Calculate the remainder when 158547 is divided by 1289.
0
What is the remainder when 6155 is divided by 2043?
26
Calculate the remainder when 10052 is divided by 2513.
0
What is the remainder when 492337 is divided by 22?
21
What is the remainder when 9041 is divided by 2941?
218
What is the remainder when 2101 is divided by 308?
253
What is the remainder when 3633 is divided by 46?
45
What is the remainder